{"id":180,"date":"2016-08-21T20:40:30","date_gmt":"2016-08-21T20:40:30","guid":{"rendered":"https:\/\/sipry.fi\/?page_id=180"},"modified":"2017-04-30T06:57:38","modified_gmt":"2017-04-30T06:57:38","slug":"sukeltajat-itameren-puolesta-ry-kiittaa-osallistujia","status":"publish","type":"page","link":"https:\/\/sipry.fi\/index.php\/sukeltajat-itameren-puolesta-ry-kiittaa-osallistujia\/","title":{"rendered":"Project AWARE -sukellustempaus 2017"},"content":{"rendered":"<p><span class=\"_4n-j _3cht fsl\" data-testid=\"event-permalink-details\">Sukeltajat It\u00e4meren puolesta j\u00e4rjest\u00e4\u00e4 j\u00e4lleen Project AWARE -mertenputsaustapahtuman, t\u00e4n\u00e4 vuonna kohteena on <strong>Vuosaaren kanava<\/strong>.<\/p>\n<p>Kohde soveltuu oikein hyvin my\u00f6s aloitteleville sukeltajille! Kaikkia tarvitaan mukaan: sek\u00e4 sukeltajia ett\u00e4 maalla pysyttelevi\u00e4 avustajia.<\/p>\n<p>Mukana on j\u00e4lleen taiteilija Kristiina Tikke Tuura luomassa taidetta merest\u00e4 nostetuista roskista ja talkooty\u00f6t\u00e4 tahdittaa soitollaan Trash Heroes.<br \/>\n<\/span><\/p>\n<p><span class=\"_4n-j _3cht fsl\" data-testid=\"event-permalink-details\">Tervetuloa mukaan!<br \/>\nIlmoittautuminen avataan kev\u00e4\u00e4n aikana, mukaan voi tulla my\u00f6s ilmoittautumatta.<br \/>\n<\/span><\/p>\n","protected":false},"excerpt":{"rendered":"<p>Sukeltajat It\u00e4meren puolesta j\u00e4rjest\u00e4\u00e4 j\u00e4lleen Project AWARE -mertenputsaustapahtuman, t\u00e4n\u00e4 vuonna kohteena on Vuosaaren kanava. Kohde soveltuu oikein hyvin my\u00f6s aloitteleville sukeltajille! Kaikkia tarvitaan mukaan: sek\u00e4 sukeltajia ett\u00e4 maalla pysyttelevi\u00e4 avustajia. Mukana on j\u00e4lleen taiteilija Kristiina Tikke Tuura luomassa taidetta merest\u00e4 nostetuista roskista ja talkooty\u00f6t\u00e4 tahdittaa soitollaan Trash Heroes. Tervetuloa mukaan! Ilmoittautuminen avataan kev\u00e4\u00e4n aikana, mukaan [&hellip;]<\/p>\n","protected":false},"author":1,"featured_media":0,"parent":0,"menu_order":0,"comment_status":"closed","ping_status":"closed","template":"","meta":{"footnotes":"","_links_to":"","_links_to_target":""},"class_list":["post-180","page","type-page","status-publish","hentry"],"_links":{"self":[{"href":"https:\/\/sipry.fi\/index.php\/wp-json\/wp\/v2\/pages\/180","targetHints":{"allow":["GET"]}}],"collection":[{"href":"https:\/\/sipry.fi\/index.php\/wp-json\/wp\/v2\/pages"}],"about":[{"href":"https:\/\/sipry.fi\/index.php\/wp-json\/wp\/v2\/types\/page"}],"author":[{"embeddable":true,"href":"https:\/\/sipry.fi\/index.php\/wp-json\/wp\/v2\/users\/1"}],"replies":[{"embeddable":true,"href":"https:\/\/sipry.fi\/index.php\/wp-json\/wp\/v2\/comments?post=180"}],"version-history":[{"count":8,"href":"https:\/\/sipry.fi\/index.php\/wp-json\/wp\/v2\/pages\/180\/revisions"}],"predecessor-version":[{"id":196,"href":"https:\/\/sipry.fi\/index.php\/wp-json\/wp\/v2\/pages\/180\/revisions\/196"}],"wp:attachment":[{"href":"https:\/\/sipry.fi\/index.php\/wp-json\/wp\/v2\/media?parent=180"}],"curies":[{"name":"wp","href":"https:\/\/api.w.org\/{rel}","templated":true}]}}